6*z - 119. Let j be q(22). Give s(j).
9
Let y(r) = 2*r**2 - 13*r + 10. Suppose 4*v - 3*w = 31, 23*w - 22*w = 2*v - 15. Give y(v).
17
Let h(c) = -2*c**2 + 3*c + 3. Let o(z) = -z**2 - 18*z + 90. Let v be o(-22). Let r be (-8)/(-12)*-2*3/v. What is h(r)?
-11
Let a(x) = x**2 + 11*x - 126. Suppose -6*j - 73*j - 64*j = 2717. Determine a(j).
26
Let d(y) = 52 - 148 + 45 + 59 - 44*y. Calculate d(2).
-80
Let s be 4/(-14) + (-885)/(-35). Suppose -s*w = -26*w. Suppose -15 = -5*j - w*j. Let g(b) = b**3 - 3*b**2 - 2*b + 3. What is g(j)?
-3
Let o(w) = -9 - 31214*w + 31220*w - 3. Determine o(1).
-6
Let y = -11 + 15. Suppose -4*c + 30 = -y*r + 50, 0 = -5*c - r - 25. Let q(d) = d + 5. Give q(c).
0
Let r = 2899 - 2906. Let i(s) = 2*s**2 + 12*s - 3. Calculate i(r).
11
Let q be 6/(-105) + 4199/595. Let m(t) = t**3 - 9*t**2 + 5*t + 5. Give m(q).
-58
Let d = 440 - 92. Let k(u) = 2*u - 4 - 350*u**2 + 0*u + d*u**2 - u**3. Calculate k(-3).
-1
Let j(s) be the first derivative of -5*s**4/6 + 45*s**2/2 + 50. Let c(y) be the second derivative of j(y). Let l = 1 - 0. Calculate c(l).
-20
Let c(x) = 5*x - 3*x + 3*x - 56*x**2 - 8 + 116*x**2 - 62*x**2. Give c(2).
-6
Let n(a) = 779 + 790 - 1582 - 2*a. Give n(-11).
9
Let v be 17/204*(-7 + 8). Let c(f) be the third derivative of 0 + 0*f - 4*f**2 - 2/3*f**3 - v*f**4. Calculate c(-3).
2
Let v(p) = -p**2 - 30*p - 45. Suppose 4795*k = 4811*k + 448. Calculate v(k).
11
Let m(s) = s + s**2 - 478 + 234 + 234 + 0*s - 5*s. Calculate m(-4).
22
Let g be 8/(-10)*(-21 - (-12)/(-3)). Let x be (-106)/g - 9/(-30). Let o(d) = -d**3 - 6*d**2 - 4*d + 5. Determine o(x).
0
Let q(b) = -23*b + 2. Let p(s) = -13*s + 1. Let a(t) = -7*p(t) + 4*q(t). Let l be -3 - (-4 - (-6 - -3)). Let j be l*(2/(-4))/1. What is a(j)?
0
Let m be (20 - (-16 - -42)) + -1. Let u(t) = -t**3 - 8*t**2 - 2*t - 3. What is u(m)?
-38
Let l(p) = -3*p**3 - 3*p**2 - p + 1. Let q(y) = 4*y**3 - 21*y**2 + 2*y - 12. Let x(w) = 3*l(w) + q(w). Calculate x(-6).
-3
Suppose -6*l = -13*l + 15337. Let j(n) = -40 + l*n - 2193*n + 11. Give j(-13).
-3
Let s(u) = u**2 - 14*u + 19. Let x be 729/63 + 120/280. Give s(x).
-5
Let h be (-2)/4*2*7. Let g(q) be the first derivative of -q**3/6 - 4*q**2 + 122*q - 59. Let v(i) be the first derivative of g(i). Calculate v(h).
-1
Let m(y) = y + 3. Let g(h) = -34 + 11*h - 47*h + 12*h + 11*h + 9*h. Let q(b) = b**3 - 5*b**2 + 3*b - 1. Let w be q(3). Let t be g(w). Calculate m(t).
9
Let n(h) = -h**2 - 11*h - 3. Suppose 5*p + 8*t = 11*t - 45, 2*p + 18 = t. Determine n(p).
15
Let q(d) be the second derivative of d**4/12 - 3*d**3/2 - d**2/2 + 143*d. Suppose 4*p - 5*v - 60 = 0, p + 2*v - 5*v = 22. Give q(p).
9
Let z(l) be the third derivative of 0*l - 1/120*l**5 - 5/6*l**3 + 0*l**4 + 28*l**2 + 0. Let t(w) be the first derivative of z(w). Calculate t(-7).
7
Let l(t) = 0 + 388*t - 1 - 125*t - 133*t + 9*t**3 - 2*t**2 - 132*t. Let v be 37/(-9) + (-4)/(-36). Let o be ((-22)/8 + 3)*v. Determine l(o).
-10
Let r(b) = -3*b**2 - 3*b - 3. Let d be (-1 + 34/6)/((-8)/12). Let w(s) = -4*s**2 - 5*s - 5. Let k(p) = d*r(p) + 5*w(p). Calculate k(3).
-7
Let h(d) = 16*d**2 - 4*d - 3. Let w(f) = 3*f**3 + 25*f**2 + f - 57. Let r be w(-8). What is h(r)?
17
Let u(m) be the third derivative of 1/8*m**4 - 7/6*m**3 + 0 + 65*m**2 + 0*m + 1/60*m**5. What is u(-6)?
11
Let n(l) = l**2 - 8*l + 3. Let v(j) be the first derivative of 2*j**3 + 3*j**2/2 - 2*j - 7. Let t be (-5 + 4)/(-2*4/8). Let f be v(t). Determine n(f).
-4
Let n(w) = -7*w - 8*w + 20*w + 14 + w - 5*w. Suppose 2*k + 3*k - 15 = 0. Suppose -g - k = 5. Calculate n(g).
6
Suppose t = -5*c + 67, 0 = -4*c + c + 5*t + 57. Let y(s) = -c*s + 8*s + 8*s + 1. Determine y(4).
9
Let z be (-9)/6*(-16)/12. Let f(r) = -68*r + z*r**2 - 5*r**2 - r**3 - 1 + 5*r**2 + 71*r. Determine f(2).
5
Let x(s) = 22*s + 21 - 5*s**2 + 14*s**2 - 8*s**2 + 10 - 7*s. Give x(-7).
-25
Let r(q) = 3*q**3 - 37*q**2 + 10*q + 14. Let d = 16270 - 16258. What is r(d)?
-10
Suppose -3*u - u = 0. Let s(x) be the third derivative of x**6/120 + x**5/60 - x**4/24 - 31*x**3/6 + 1098*x**2 - 3*x. Give s(u).
-31
Let l(r) = 5*r**3 + 11*r**2 - r. Let d(z) = -2*z**3 - 5*z**2. Let q(a) = -7*d(a) - 3*l(a). Let g = 75788 - 75784. Determine q(g).
-20
Suppose 2*d - 8 = 12. Let b = d + 5. Let v = b - 18. Let w(o) = 4*o + 3. Give w(v).
-9
Let i(b) = b**3 - 5*b**2 + 1. Suppose 4*m + 7 = 19. Let n be 0 - (m + (-7 - -2) + 2). Let q be 6 - (n + 3) - -1. Calculate i(q).
-15
Let r(z) = -3*z**3 - 4*z**2 - 5*z - 7. Let v = 13143 - 13145. Give r(v).
11
Let i(v) = 47621 - 47613 + 0*v**3 + 5*v**2 - 2*v + v**3. What is i(-6)?
-16
Let k(r) = -168*r**3 + 28*r + 167*r**3 - 21 + 8*r + 33*r**2. Give k(34).
47
Let t be (-9)/(-21) + 68*(-13)/364. Let g(y) = -17*y + 1. What is g(t)?
35
Let l(v) = v - 6. Suppose -37 = -10*c - 17. Suppose c*f - 8 = s + 6*f, 0 = 2*s + 5*f + 7. Give l(s).
-2
Let r(f) = f + 20. Let m = -46 + 55. Suppose -v + 6 - m = 0. Let i = v - -3. What is r(i)?
20
Let o(f) be the second derivative of -43*f**5/20 + f**3/6 - f**2/2 - 2*f. Let n(i) = -i**3 - 26*i**2 + 85*i - 57. Let a be n(-29). Calculate o(a).
-43
Let q(m) = 8*m - 273. Let j be ((-12)/22 + 60/1320)*6 - -35. Calculate q(j).
-17
Let h(l) = -14*l + 7. Suppose -3*w = -3*v + 24, -12 = 8*v - 11*v. What is h(w)?
63
Let o(d) = d**3 - 2*d**2 - 2*d + 1. Suppose -j = -10 + 6. Let r be 1*(-68)/(-18) - j/(-18). Let z be r*(-2)/(-20) + 120/75. Determine o(z).
-3
Let x(r) = -2*r**2 + 3*r + 3. Let j be (-98)/(-5) + (-18)/(-45). Let c be 4/j + 33/(-15). Let n be 10/(-4) - c/4. What is x(n)?
-11
Let f be 1 - 1/((-1)/(-367)). Let g = 135 + f. Let a be g/(-55) - (-2)/(-10). Let u(c) = -c**3 + 4*c**2 + c - 5. What is u(a)?
-1
Let t(g) = -5*g + 52. Let u be ((-81)/(-9) - (-12)/14) + (-2)/(-14). What is t(u)?
2
Let q(n) = 2*n + 2. Let m be q(2). Let g(c) = -4*c - 1. Let a(t) = -4*t - 1. Let d(k) = -a(k) + 2*g(k). Give d(m).
-25
Let a(n) = -n**2 - 188*n - 568. Let y be a(-3). Let f(b) = -b**2 - 16*b - 27. Determine f(y).
12
Let s(n) = n - 57. Let q(f) = f. Let d(l) = 4*q(l) + s(l). Let j be d(14). Suppose -j = 7*k - 20*k. Let x(z) = -4*z**3 + z**2 - z + 1. Determine x(k).
-3
Let v(j) = j**3 + 29*j**2 + 390*j + 30412. Let k be v(-39). Let s = 0 + 0. Let h(u) = u - 2*u - 8 + s*u. Determine h(k).
0
Let o(g) be the third derivative of -2*g**5/15 - 3*g**4/8 - 4*g**3/3 - 3292*g**2. Calculate o(-1).
-7
Let p(w) = -w**3 - 7*w**2 + 7*w. Let s(m) = -3*m - 1. Suppose -3*n - 6*l - 2 = -7*l, -5*l = n - 26. Let y(h) = n*p(h) + 3*s(h). Give y(-6).
-27
Let t(r) = 3*r**2 - 3*r - 1. Let j(u) = 99*u + 300. Let k be j(-3). What is t(k)?
17
Let i be (-965)/(-20) + (-3)/(-4). Let k(f) = -f**2 + i*f + 45*f - 95*f. Determine k(-2).
-2
Suppose -3*m + 2*q = -4, -3 = -3*m + 5*q - 2. Suppose -3*a + 37 = 4*y, -m*y + 3*a + 4 = -1. Let u(l) = -l + 13. What is u(y)?
6
Let g be -2*(10/(-4) + 2). Let c be (-4)/2 + 6 + (g - -3). Let h(v) = 3*v**3 - 5*v**3 + 4*v + c + 0*v - 5*v**2 + v**3. Determine h(-6).
20
Let n(m) = 2*m**3 + 2*m**2 - 2*m. Let k be (-1989)/12 + -6 + 3/4. Let o = -174 - k. What is n(o)?
-30
Let g(a) = 5*a**2 + 6*a - 3. Let y(q) = 3*q**2 + 7*q - 3. Let p(t) = -7*g(t) + 6*y(t). Let c(l) = 25*l**2 - 4. Let i(d) = -5*c(d) - 7*p(d). Give i(-1).
-7
Suppose -4*z = d - 32 - 16, -d = -3*z + 29. Let m(t) = 2 + 59*t**2 - 57*t**2 - z*t + 16*t. What is m(-4)?
14
Let l(q) = 15*q**2 - 23*q - 13. Let w be l(2). Let r(c) = 44*c**3 - c**2 + c - 1. Give r(w).
43
Let h = -652 - -765. Let x(n) = -h*n - 39 + 40 + 112*n. Give x(-5).
6
Let o(y) = -2*y**3 + y**2. Let f = -11 - -14. Let j(i) = 4*i**2 - 3*i**f - 3*i**3 + i**3 + i. Let a(s) = 3*j(s) - 8*o(s). Calculate a(-2).
2
Let i(m) = 3*m + 2443 - 4847 + 2455. Determine i(-15).
6
Let a = 38 + -36. Suppose 0 = -a*h + h + 4. Let f(t) = 7 - h*t**2 - 2 + 2*t**2 - 8*t + t**2. What is f(-6)?
17
Let b(g) = 11*g**2 - g - 6. Let y(i) = -31*i**2 + 4*i + 12. Let f(z) = -11*b(z) - 4*y(z). Determine f(5).
68
Let q(m) = -88 + 525*m - 265*m - 265*m + 259. What is q(32)?
11
Let n(s) = s**2 + 4*s - 14. Suppose 0 = -39*b + 17*b. Calculate n(b).
-14
Let d(w) = 6*w + 2. Let n be d(-1). Let f(c) = c**3 - 4*c - 1. Let m(l) = 7*l**3 + 5*l**2 - 22*l - 9. Let b(x) = -6*f(x) + m(x). Determine b(n).
5
Let b(a) = 19*a**2 + 2*a + 1. Let g = 99 - 55. Let c = g + -43. Let d be 3/((-6)/(-